 x**3 - 231*x**2 + 2043*x - 9994. What is q(222)?
-4
Let u(z) = 2*z**2 - 5348*z - 53546. What is u(-10)?
134
Let f(a) = a**3 + 103*a**2 - 207*a + 1038. What is f(-105)?
723
Let a(n) = -n**3 - n**2 + 3087*n + 213. Give a(55).
598
Let c(u) = -49*u + 1272. What is c(26)?
-2
Let n(q) = 17*q**2 + 2465*q + 25. What is n(-145)?
25
Let l(p) = -51410*p + 8019976. What is l(156)?
16
Let v(i) = i**3 + 106*i**2 - 1065*i + 25957. Calculate v(-117).
-17
Let x(z) = 31*z**2 - 431*z + 872. What is x(2)?
134
Let w(b) = 3*b**2 - 801*b + 53418. Calculate w(134).
-48
Let i(m) = -4*m**2 - 661*m - 18663. Calculate i(-129).
42
Let b(j) = -82*j**2 + 523*j + 1062. Give b(8).
-2
Let d(t) = -6927*t + 145473. Give d(21).
6
Let k(i) = 2173*i + 6885. Give k(-4).
-1807
Let f(k) = -k**2 + 189*k + 4058. What is f(-19)?
106
Let j(w) = 5*w**2 - 3492*w + 104722. What is j(667)?
3
Let p(z) = -2904*z + 40859. Give p(14).
203
Let a(y) = 236022*y - 19825842. Give a(84).
6
Let s(i) = -71*i**2 + 793*i - 2206. Calculate s(5).
-16
Let c(a) = a**3 + 3*a**2 + 190*a - 1203. Determine c(6).
261
Let n(v) = -3*v**3 + 20*v**2 - 79*v + 755. Determine n(8).
-133
Let w(z) = 998*z**2 - 1305*z - 7. Determine w(1).
-314
Let b(k) = 3*k**2 - 46*k - 911. Calculate b(0).
-911
Let w(d) = -285*d + 43281. What is w(152)?
-39
Let s(a) = -3*a**2 - 2830*a + 6022726. Calculate s(-1965).
1
Let q(o) = -7*o**3 + 5*o**2 + 310*o + 309. Give q(-1).
11
Let d(m) = -m**2 + 25*m + 8986. Give d(-83).
22
Let y(d) = -2*d**2 + 16821*d - 536228. Determine y(32).
-4
Let y(u) = -478*u**2 - 427*u - 31. Give y(-3).
-3052
Let l(s) = 9*s**3 - 3834*s**2 - 4*s + 1700. Determine l(426).
-4
Let s(w) = -184051*w - 184040. Determine s(-1).
11
Let j(b) = -2*b**3 - 84*b**2 + 2211*b + 3043. Give j(-60).
-17
Let w(q) = 11*q**3 - 12*q - 10. Give w(-5).
-1325
Let i(z) = -3*z**2 - 14889*z + 4903895. Give i(310).
5
Let c(z) = z**3 + 10*z**2 + 724*z - 5871. Calculate c(7).
30
Let h(i) = -571*i + 1035. Calculate h(2).
-107
Let j(w) = -w**3 + 348*w**2 + 10520*w - 230. Calculate j(-28).
-6
Let m(h) = 77*h**3 - 616*h**2 - 11*h + 104. Determine m(8).
16
Let k(j) = 13*j**2 + 20648*j - 82583. Calculate k(4).
217
Let o(q) = -54*q**2 + 5237*q + 16272. Give o(-3).
75
Let l(u) = 2*u**3 + 13*u**2 + 264*u + 1515. What is l(-6)?
-33
Let m(o) = 4*o**2 - 93*o - 64602. What is m(-116)?
10
Let l(p) = 25656*p**2 - 153930*p - 44. Calculate l(6).
-8
Let r(w) = -w**3 - 191*w**2 + 161*w - 5941. Calculate r(-192).
11
Let u(d) = -9*d**3 - 6*d**2 - 3*d + 26. Give u(5).
-1264
Let y(f) = f**3 + f**2 + 2973*f + 8931. Determine y(-3).
-6
Let j(g) = -11*g**3 - 109*g**2 + 11*g + 67. Determine j(-7).
-1578
Let o(l) = -118*l**3 + 146*l**2 + 173*l + 8. What is o(2)?
-6
Let p(i) = -168*i - 4159. Determine p(-26).
209
Let n(q) = -306*q + 28669. Determine n(93).
211
Let s(v) = -4*v**3 + 385*v**2 + 47238*v + 3840. Determine s(167).
-1
Let i(z) = 4276*z + 18494. What is i(-5)?
-2886
Let h(y) = -22358*y - 134068. What is h(-6)?
80
Let j(u) = -13*u**2 - 813*u + 2162. What is j(-65)?
82
Let t(r) = 38400*r - 268700. Give t(7).
100
Let g(f) = 2*f**2 - 109380*f - 875167. What is g(-8)?
1
Let m(d) = d**3 + 18*d**2 + 167*d + 1261. Give m(-13).
-65
Let y(f) = -11960*f + 2523567. What is y(211)?
7
Let f(l) = -2*l**2 + 2055*l - 126405. Calculate f(66).
513
Let u(t) = 2*t**3 - 941*t**2 - 399*t - 33923. Give u(471).
-11
Let p(n) = -8*n**3 + 109*n**2 + 59*n - 253. Calculate p(14).
-15
Let b(m) = -170*m**3 + 58*m**2 - 106*m - 7. Calculate b(2).
-1347
Let u(s) = -s**3 - 52*s**2 - 311*s - 33. Determine u(-6).
177
Let l(o) = 18696*o - 4094416. Determine l(219).
8
Let u(i) = -935*i - 23848. What is u(-26)?
462
Let m(f) = -f**2 + 63454*f + 571171. Calculate m(-9).
4
Let r(k) = 83355*k + 333319. Give r(-4).
-101
Let s(m) = -2*m**3 + 1207*m**2 - 575*m - 16821. What is s(603)?
63
Let a(x) = 77*x + 2757. Give a(-36).
-15
Let w(b) = 11633*b - 535119. Determine w(46).
-1
Let b(r) = r**3 + 15*r**2 + 1715*r + 13271. Calculate b(-8).
-1
Let b(x) = 40*x**2 + 6164*x - 24654. Calculate b(4).
642
Let k(l) = 2790*l - 172924. What is k(62)?
56
Let s(g) = 2968*g - 74193. Give s(25).
7
Let a(y) = 1925*y + 13514. Determine a(-8).
-1886
Let h(x) = -1007*x + 20164. Calculate h(20).
24
Let t(a) = -22*a**2 - 1689*a - 23072. What is t(-59)?
-3
Let h(p) = -167*p**3 + 30*p**2 + 68*p + 4. What is h(-2)?
1324
Let p(q) = 2*q**3 - 317*q**2 + 2108*q - 111305. Calculate p(154).
-117
Let o(p) = -3*p**2 + 654*p + 2359. Determine o(221).
370
Let n(o) = 845*o - 229970. Determine n(272).
-130
Let g(z) = -11*z**3 - 47*z**2 + 447*z + 1848. Calculate g(-4).
12
Let m(h) = -2*h**2 - 171*h + 3286. Give m(-95).
1481
Let t(j) = j**3 + 50*j**2 + 774*j - 51. Determine t(-30).
-5271
Let r(s) = -2*s**3 - 50*s**2 + 1320*s + 146. Calculate r(-41).
-182
Let m(n) = -7*n**2 + 24685*n - 147859. Give m(6).
-1
Let q(p) = -37431*p - 187148. Give q(-5).
7
Let f(v) = v**3 + 3*v**2 - 408*v + 2237. Give f(6).
113
Let w(t) = 8*t**2 - 966*t - 82. Give w(121).
160
Let b(p) = -5*p**3 - 433*p**2 - 254*p + 294. What is b(-86)?
-50
Let m(y) = -811*y - 5188. Calculate m(-4).
-1944
Let w(b) = -82*b**3 + 261*b**2 - 105*b + 170. Determine w(3).
-10
Let t(z) = -11049*z - 928094. What is t(-84)?
22
Let m(x) = -x**3 - 30*x**2 - 2589*x - 64602. What is m(-26)?
8
Let z(w) = -73*w**3 - 661*w**2 - 2135*w - 18895. Calculate z(-9).
-4
Let x(p) = -5*p**3 - 761*p**2 + 7938*p - 12. Determine x(-162).
-12
Let a(b) = 11*b**3 - 35*b**2 - 45*b + 163. Give a(4).
127
Let d(j) = -j**3 - 205*j**2 - 3679*j + 381. Calculate d(-20).
-39
Let t(l) = -858*l + 796. Give t(1).
-62
Let f(h) = h**3 - 2451*h**2 + 841680*h + 5779. What is f(413)?
-3
Let l(b) = b**2 + 81*b - 389. What is l(-96)?
1051
Let l(a) = 7*a**2 - 2324*a + 13692. What is l(6)?
0
Let s(v) = v**3 + 284*v**2 - 9345*v + 23552. Give s(-314).
2
Let q(c) = 1244*c + 8640. What is q(-7)?
-68
Let g(d) = -12464*d - 199343. What is g(-16)?
81
Let i(r) = -120*r**2 - 175*r + 637. What is i(4)?
-1983
Let y(t) = -36462*t + 1276197. Calculate y(35).
27
Let j(h) = 11*h**2 - 9191*h + 27550. Determine j(3).
76
Let f(j) = 29*j**3 + 6*j**2 - 25. Give f(3).
812
Let s(k) = -134*k + 1490. Give s(19).
-1056
Let c(w) = -50*w - 3630. What is c(-73)?
20
Let a(p) = 3*p**3 + 107*p**2 - 52*p - 4266. Calculate a(-35).
4
Let z(s) = 43*s - 357. Give z(13).
202
Let w(r) = -r**2 - 5448*r + 21803. Calculate w(4).
-5
Let f(z) = -z**2 - 452*z - 3575. Calculate f(-8).
-23
Let c(n) = 2*n**3 + 179*n**2 + 277*n + 702. Calculate c(-88).
-442
Let o(h) = h**3 + 37*h**2 - 67*h - 49. Calculate o(-39).
-478
Let c(z) = -1635703*z - 8178513. Give c(-5).
2
Let f(h) = 4*h**2 - 431*h + 10504. What is f(74)?
514
Let q(v) = 54*v - 7162. Give q(130).
-142
Let k(y) = 3355*y + 21871. What is k(-6)?
1741
Let s(a) = a**2 + 37*a - 245. Determine s(-22).
-575
Let c(m) = 4*m**3 + 395*m**2 + 299*m + 494. Determine c(-98).
4
Let g(r) = 2*r**3 + 29*r**2 + 59*r - 217. Calculate g(-11).
-19
Let k(z) = -2*z**3 + 54*z**2 - 539*z + 2662. Determine k(15).
-23
Let r(b) = 193*b**2 + 65226*b - 2709. What is r(-338)?
-5
Let i(u) = -132965*u + 2792265. Determine i(21).
0
Let v(g) = -g**2 - 92*g - 1701. Give v(-111).
-3810
Let b(s) = -2*s**3 - 87*s**2 - 132*s - 229. Determine b(-42).
23
Let n(h) = -4*h**2 - 4267*h - 218768. What is n(-54)?
-14
Let n(d) = d**3 + 20*d**2 + 255*d + 5121. Determine n(-20).
21
Let z(i) = 7*i**2 + 278*i - 298. What is z(-41)?
71
Let v(g) = -113*g**3 - 7*g**2 - 9*g - 5. Give v(-1).
110
Let b(f) = -859*f + 6. What is b(0)?
6
Let w(z) = -3360*z - 312498. What is w(-93)?
-18
Let c(g) = -537*g - 74311. Give c(-139).
332
Let c(m) = m**2 + 18361*m + 440084. Determine c(-24).
-4
Let v(q) = q**3 - 850*q**2 - 4492*q - 1083. Give v(-5).
2
Let x(w) = -2668*w - 256138. What is x(-96)?
-10
Let m(h) = 893*h + 16823. What is m(-17)?
1642
Let q(s) = -8662*s + 8671. What is q(1)?
9
Let k(d) = 3*d**2 + 367966*d - 44. What is k(0)?
-44
Let i(m) = -9*m**3 - 148*m**2 + 73*m - 25. Calculate i(-17).
179
Let x(a) = a**3 + 396*a**2 + 822*a + 13404. Give x(-394).
8
Let f(o) = -o**3 - 294*o**2 - 9947*o - 534. Give f(-255).
-24
Let l(d) = 572*d**2 + 32664*d + 3423. Calculate l(-57).
3
Let c(y) = 322*y - 60131. Determine c(189).
727
Let z(f) = -127*f**2 - 9970*f - 4991. Determine z(-78).
1
Let w(q) = 153*q + 26